= 0, 78 = 6*g - i*g + 2*s. List the prime factors of g.
2, 11
Let m = 61 - 30. Suppose -24 = -h + 4*a, -3*h - 2*a - 1 = -m. Suppose 2*w = 30 + h. List the prime factors of w.
3, 7
Let g(b) = -b - 3. Let h be g(-6). Suppose 3 = 3*j + 3*n, -6*j + 6 = -2*j + h*n. Suppose -14 = -2*k - 0*k - 2*d, -2*d = -j*k + 26. List the prime factors of k.
2
Let x(i) = i - 32. Let a be x(-4). List the prime factors of 78*16/a*-3.
2, 13
Let d(y) = 11*y**3 + 3*y**2 - 2*y. Let o be d(1). Suppose o = f + 2*f. Suppose -f*s + 42 = -30. What are the prime factors of s?
2, 3
Let g(j) = -6*j - 24. Let a be g(-6). Let r(m) = 7*m - 34. List the prime factors of r(a).
2, 5
Suppose 117*m = 108*m + 8586. List the prime factors of m.
2, 3, 53
Let c = 456 - 120. List the prime factors of c.
2, 3, 7
Let n(o) be the first derivative of -o**4/4 + 2*o**3 - 2*o**2 - 2*o + 1. List the prime factors of n(5).
3
Suppose 0 = -2*p + 4*p - 18. Let c(q) = 16*q + 21*q + q**2 + 5 + 4 - 44*q. List the prime factors of c(p).
3
Suppose 2*r = 108 + 650. List the prime factors of r.
379
Suppose q = -5*t + 1019, -4*q - 23*t + 4038 = -22*t. What are the prime factors of q?
1009
Let n = 159 + -77. Let o = n + -44. List the prime factors of o.
2, 19
Suppose 3*w = -2*w + l + 665, -l = -2*w + 266. What are the prime factors of w?
7, 19
Let y be (3/(-2))/((-1)/2). Let t(h) = 27*h + 13. List the prime factors of t(y).
2, 47
Let r(f) = 49*f**3 - 5*f**2 + 9*f - 15. What are the prime factors of r(3)?
2, 3, 5, 43
Let r(a) = a**2 + 5*a - 3. Let d be r(-6). List the prime factors of (-3*(-1)/d)/(11/231).
3, 7
Let v(p) = 97*p - 578. Let j be v(6). Let h(m) = 20*m + 12 - 2*m - 2*m. List the prime factors of h(j).
2, 19
Let m = 36 + 260. Suppose 5*b + v - m = 0, 5*b - 2*v = -0*v + 308. List the prime factors of b.
2, 3, 5
Suppose 7*q + 2375 = 3*c, q + 1598 = 3*c - c. List the prime factors of c.
3, 89
Let v be 1605/5*((-16)/(-6))/(-4). Let l = 342 + v. What are the prime factors of l?
2
Let c(j) = j**3 + 9*j**2 - 7*j - 15. List the prime factors of c(-7).
2, 3, 11
Let f(y) = -6*y**2 - 2*y + 13. Let h be f(4). What are the prime factors of (1 - h) + (-6 - -2)?
2, 11
Suppose 5*b + 5*p - 980 = 0, 5*b + 95 = 2*p + 1089. What are the prime factors of b?
2, 3, 11
Let r(c) be the third derivative of -c**6/120 + c**5/20 - c**4/24 + c**3/6 - 12*c**2. What are the prime factors of r(2)?
3
Suppose 2*i - 3*v = 787, v - 762 = -2*i - v. Let r = -180 + i. What are the prime factors of r?
2, 103
Suppose -2*q - 710 + 1764 = 0. What are the prime factors of q?
17, 31
Let x = 365 + 325. What are the prime factors of x?
2, 3, 5, 23
Suppose 2*u - 5652 = 3*i, -14080 = -4*u - u - 5*i. What are the prime factors of u/48 - 2/(-8)?
59
Let f(z) = z + 11. Suppose 5*r + 2*g = 2, r - 2 = -g - 1. Suppose -5*k = -r*k + 20. List the prime factors of f(k).
7
Suppose -3*f + 10*w - 9*w = -985, 6 = 3*w. What are the prime factors of f?
7, 47
Let b = 38 - 59. Suppose -2*g + 14 = 2*y, 4*g + 2*y - 23 = -g. List the prime factors of (-280)/b*g/2.
2, 5
Let m(u) be the first derivative of u**4/4 - u**3/6 - u**2 - 3*u + 5. Let o(b) be the first derivative of m(b). What are the prime factors of o(3)?
2, 11
Let z(s) be the first derivative of s**3/3 - 6*s**2 - 7*s + 3. What are the prime factors of z(13)?
2, 3
Let o(f) = -1. Let l(p) = 3*p + 3. Let k(a) = -l(a) - 4*o(a). Let q be k(-6). List the prime factors of (q/3)/(1/3).
19
Let t(m) = 8*m**2 - 3*m + 1. Let p be t(1). Let j be (-2)/p + 2338/21. Suppose 4*d = 3*x - 117, 3*x - j = 2*d - 0*d. List the prime factors of x.
5, 7
Suppose -4*z = -2*v + z + 704, -5*v = 4*z - 1793. What are the prime factors of v?
3, 7, 17
Suppose -b + 1984 = -3*s, -77*b = -80*b - s + 6002. What are the prime factors of b?
1999
Let x(i) = -i**3 + 7*i**2 + 2*i - 5. Let s be x(7). Let q = 30 - 16. Let c = q - s. What are the prime factors of c?
5
Let t = 16 + -10. Suppose 2*n - t*n + 88 = 0. What are the prime factors of n?
2, 11
Let u(f) = f - 1. Let w be u(7). Let b = w - -26. What are the prime factors of b?
2
Let k(q) = -q**2 - 17*q - 2. Let o be k(-12). Let z = o - -20. What are the prime factors of z?
2, 3, 13
What are the prime factors of ((8 - 934) + -8)/(-1)?
2, 467
Let m(i) = i**2 - 11*i + 7. Let t be m(11). Suppose -5*l = b - 479, t*b = -4*l + 2*b + 400. List the prime factors of l.
5, 19
Let j = -38 - -38. Suppose j = 11*l - 16*l + 500. List the prime factors of l.
2, 5
Let s be (15/2)/((-3)/30). Let v(d) = d**2 + 11*d + 4. Let t be v(-8). What are the prime factors of (s/t)/(3/8)?
2, 5
Let s be (-1)/(1/(-2)) - 0. List the prime factors of -2*s/3*-15.
2, 5
Suppose -5*i + 3*c + 19 - 1 = 0, -3*i - 2 = -5*c. Suppose i*a = a + 60. List the prime factors of a.
2, 3
Suppose -45 = -6*k + 813. What are the prime factors of k?
11, 13
Let k be (3 + 1)*(-44)/(-8). Suppose -4*r + r = -5*a + k, 2*a = -5*r + 15. Suppose -3*g = 2*u - u - 16, a*g - 21 = 4*u. List the prime factors of g.
5
Let m be (-2)/4 - 65/10. Let h be m*(78/(-21) + 4). Let s = 12 + h. List the prime factors of s.
2, 5
Suppose -3626 = -15*q + 14899. What are the prime factors of q?
5, 13, 19
Let q = 51 - 48. Suppose 0*h - q*h + 267 = 0. List the prime factors of h.
89
Let j = 103 + 96. What are the prime factors of j?
199
Suppose 4*z = -3*d + 2399, z + 1201 = 3*z + 3*d. What are the prime factors of z?
599
Let p(v) = -9*v + 45. Let x be p(6). List the prime factors of (-133)/(-2) - 1 - x/6.
67
Suppose f = -0*f + 12. Let t = 14 - f. List the prime factors of (-66)/t*(-3)/9.
11
Let v(u) = 5*u**2 - 12*u - 5. Let d(g) = 3*g**2 - 6*g - 3. Let z(b) = -7*d(b) + 4*v(b). Let r be z(-6). List the prime factors of 3/1*(2 - r).
3
Let y(u) = u + 20. List the prime factors of y(-5).
3, 5
Let g(c) = -18*c**2. Let w be g(1). Let j = -8 - w. What are the prime factors of 784/35 - (-6)/j?
23
Let l(z) = z**3 - 9*z**2 + z - 10. Suppose f - 6*f = -40. Let m be l(f). Let p = m + 95. List the prime factors of p.
29
Let x be (-85)/(-34)*(-14)/(-5). What are the prime factors of (34/6)/(x/21)?
17
Let d(c) = 6*c**2 - 4*c - 5. Let t be d(5). Suppose -79 = -2*m + t. What are the prime factors of m?
2, 3, 17
Let t be 0 - (-11 - -3)/2 - 646. Let g = -438 - t. What are the prime factors of g?
2, 3, 17
List the prime factors of ((-2)/2*-6)/((-345)/(-58420)).
2, 127
Suppose 3*b + 67 = -4*z - 0*b, 2*b + 10 = 0. Let h = z - -15. Suppose -h*x + 26 = -x. List the prime factors of x.
2, 13
Suppose 4569 + 4181 = 7*t. What are the prime factors of t?
2, 5
Let r(y) = 1 - 6*y**2 + 4*y - 3*y - 2*y**2. Let w be r(-1). What are the prime factors of (-6)/8 - 46/w?
5
Let r(m) = 3*m**2 + 10*m + 38. Suppose n + 3*x + 9 = 0, 2*n - n - 3*x = -3. What are the prime factors of r(n)?
2, 43
Let q = -7 - 11. What are the prime factors of -1 - (-2 + 3*q)?
5, 11
What are the prime factors of (2 + -3 + -299)*6/(-8)?
3, 5
Let g(q) = q**3 - q**2 - 3*q - 4. Let y be g(3). Suppose 66 + 159 = y*s. What are the prime factors of s?
3, 5
Suppose -219 = 5*k + c, k + 48 - 3 = c. Let y be k/5 - 3/15. What are the prime factors of (-616)/(-18) - (-2)/y?
2, 17
Let o = 1 + -7. Let i(z) = z**3 + 6*z**2 - 4*z - 7. Let j be i(o). Let q = -8 + j. List the prime factors of q.
3
Suppose -2*o - 23 = -o + 2*c, 2*o + 10 = 5*c. Let f = o - -46. List the prime factors of f.
31
Let y(n) = 8*n**2 + 11*n + 31. Let h be y(-5). Suppose 137 = 3*m + 2*l, 5*m - 4*l = m + h. What are the prime factors of m?
3, 5
Suppose 3*l - l + 33 = -5*v, -v - 111 = 4*l. Suppose d + 3*f - f = 55, 94 = 2*d - 4*f. Let w = d + l. List the prime factors of w.
2, 11
Let t be (-4 - -2)/((-6)/(-9)). Let j(g) be the third derivative of g**5/60 + g**4/12 + g**3/2 - 2*g**2. What are the prime factors of j(t)?
2, 3
Let w(a) = -a**2 - 8*a + 4. Let n be w(-7). Suppose 3*o + n = m, -m + 2*o + 11 = o. List the prime factors of 42/12*(-1 + m).
5, 7
Suppose 71*w - 7930 = 46243. What are the prime factors of w?
7, 109
Suppose 0 - 21 = q. Let a = 21 + q. Suppose -4*p + 3*p - 2*k + 67 = a, 4*p - 246 = 3*k. List the prime factors of p.
3, 7
Suppose 0 = -150*m + 158*m - 4648. List the prime factors of m.
7, 83
Suppose -1 = -2*d + j - 0*j, 1 = d - j. Let f be 64 - (2 - d - 1). Suppose f = 5*c - 2*c. List the prime factors of c.
3, 7
Let m be 5*10*1*3/6. Suppose 3*z = -2*a + 6*a + m, -5*a + 2